e factors of 813?
3, 271
List the prime factors of 2428.
2, 607
List the prime factors of 584.
2, 73
List the prime factors of 2991.
3, 997
What are the prime factors of 8756?
2, 11, 199
What are the prime factors of 1426?
2, 23, 31
List the prime factors of 102623.
41, 2503
What are the prime factors of 1076?
2, 269
What are the prime factors of 182424?
2, 3, 11, 691
List the prime factors of 12878.
2, 47, 137
What are the prime factors of 16699?
16699
What are the prime factors of 550?
2, 5, 11
What are the prime factors of 2476?
2, 619
List the prime factors of 1569.
3, 523
List the prime factors of 255.
3, 5, 17
List the prime factors of 1448.
2, 181
What are the prime factors of 6400?
2, 5
What are the prime factors of 20637?
3, 2293
What are the prime factors of 13544?
2, 1693
What are the prime factors of 15?
3, 5
What are the prime factors of 11172?
2, 3, 7, 19
List the prime factors of 4478.
2, 2239
What are the prime factors of 1584?
2, 3, 11
What are the prime factors of 647?
647
What are the prime factors of 951?
3, 317
List the prime factors of 138.
2, 3, 23
What are the prime factors of 1413?
3, 157
List the prime factors of 11055.
3, 5, 11, 67
What are the prime factors of 34079?
53, 643
List the prime factors of 1035.
3, 5, 23
List the prime factors of 708.
2, 3, 59
List the prime factors of 728.
2, 7, 13
List the prime factors of 23813.
23813
List the prime factors of 7182.
2, 3, 7, 19
List the prime factors of 180401.
13, 13877
List the prime factors of 2009.
7, 41
List the prime factors of 999.
3, 37
What are the prime factors of 69435?
3, 5, 1543
List the prime factors of 2820.
2, 3, 5, 47
List the prime factors of 438.
2, 3, 73
List the prime factors of 1072.
2, 67
What are the prime factors of 3691?
3691
List the prime factors of 14404.
2, 13, 277
What are the prime factors of 17828?
2, 4457
List the prime factors of 30991.
17, 1823
List the prime factors of 4770.
2, 3, 5, 53
What are the prime factors of 1213?
1213
List the prime factors of 9803.
9803
List the prime factors of 1098.
2, 3, 61
List the prime factors of 23908.
2, 43, 139
List the prime factors of 781.
11, 71
List the prime factors of 40.
2, 5
List the prime factors of 42891.
3, 17, 29
What are the prime factors of 1391?
13, 107
What are the prime factors of 700?
2, 5, 7
List the prime factors of 18181.
18181
What are the prime factors of 130?
2, 5, 13
What are the prime factors of 31273?
11, 2843
List the prime factors of 1950.
2, 3, 5, 13
List the prime factors of 10481.
47, 223
What are the prime factors of 50442?
2, 3, 7, 1201
List the prime factors of 27478.
2, 11, 1249
List the prime factors of 234.
2, 3, 13
What are the prime factors of 2525?
5, 101
What are the prime factors of 6008?
2, 751
What are the prime factors of 16043?
61, 263
List the prime factors of 14548.
2, 3637
What are the prime factors of 18736?
2, 1171
List the prime factors of 9679.
9679
List the prime factors of 24171.
3, 7, 1151
List the prime factors of 1958.
2, 11, 89
What are the prime factors of 16844?
2, 4211
List the prime factors of 398.
2, 199
List the prime factors of 99444.
2, 3, 8287
List the prime factors of 2228.
2, 557
What are the prime factors of 794?
2, 397
What are the prime factors of 319?
11, 29
List the prime factors of 1840.
2, 5, 23
What are the prime factors of 54909?
3, 6101
List the prime factors of 16612.
2, 4153
What are the prime factors of 99829?
99829
List the prime factors of 24.
2, 3
What are the prime factors of 1282?
2, 641
List the prime factors of 18470.
2, 5, 1847
List the prime factors of 641.
641
What are the prime factors of 1045?
5, 11, 19
List the prime factors of 3416.
2, 7, 61
What are the prime factors of 47982?
2, 3, 11, 727
What are the prime factors of 17489?
17489
What are the prime factors of 33882?
2, 3, 5647
What are the prime factors of 1534?
2, 13, 59
List the prime factors of 1449.
3, 7, 23
List the prime factors of 9871.
9871
What are the prime factors of 670?
2, 5, 67
What are the prime factors of 10880?
2, 5, 17
List the prime factors of 1164.
2, 3, 97
List the prime factors of 13821.
3, 17, 271
List the prime factors of 6674.
2, 47, 71
List the prime factors of 8473.
37, 229
List the prime factors of 26818.
2, 11, 23, 53
What are the prime factors of 47484?
2, 3, 1319
What are the prime factors of 11656?
2, 31, 47
List the prime factors of 1284.
2, 3, 107
List the prime factors of 61858.
2, 157, 197
What are the prime factors of 3828?
2, 3, 11, 29
What are the prime factors of 4199?
13, 17, 19
List the prime factors of 1910.
2, 5, 191
What are the prime factors of 5158?
2, 2579
List the prime factors of 12668.
2, 3167
List the prime factors of 111941.
23, 31, 157
List the prime factors of 657.
3, 73
List the prime factors of 126250.
2, 5, 101
List the prime factors of 1402.
2, 701
What are the prime factors of 4464?
2, 3, 31
List the prime factors of 284.
2, 71
What are the prime factors of 35713?
71, 503
List the prime factors of 119980.
2, 5, 7, 857
List the prime factors of 6114.
2, 3, 1019
List the prime factors of 3949.
11, 359
What are the prime factors of 1152?
2, 3
List the prime factors of 22169.
7, 3167
List the prime factors of 40205.
5, 11, 17, 43
What are the prime factors of 870?
2, 3, 5, 29
List the prime factors of 2925.
3, 5, 13
What are the prime factors of 39610?
2, 5, 17, 233
What are the prime factors of 1196?
2, 13, 23
What are the prime factors of 1700?
2, 5, 17
What are the prime factors of 996?
2, 3, 83
List the prime factors of 5132.
2, 1283
What are the prime factors of 86944?
2, 11, 13, 19
List the prime factors of 7170.
2, 3, 5, 239
List the prime factors of 647.
647
List the prime factors of 1579.
1579
List the prime factors of 2013.
3, 11, 61
List the prime factors of 1518.
2, 3, 11, 23
What are the prime factors of 949?
13, 73
List the prime factors of 52851.
3, 79, 223
List the prime factors of 25155.
3, 5, 13, 43
List the prime factors of 130.
2, 5, 13
What are the prime factors of 12050?
2, 5, 241
What are the prime factors of 7708?
2, 41, 47
What are the prime factors of 37845?
3, 5, 29
What are the prime factors of 15385?
5, 17, 181
List the prime factors of 12028.
2, 31, 97
What are the prime factors of 4121?
13, 317
What are the prime factors of 783?
3, 29
List the prime factors of 2519.
11, 229
What are the prime factors of 27165?
3, 5, 1811
What are the prime factors of 1854?
2, 3, 103
What are the prime factors of 1486?
2, 743
What are the prime factors of 920?
2, 5, 23
List the prime factors of 2028.
2, 3, 13
List the prime factors of 35028.
2, 3, 7, 139
What are the prime factors of 12412?
2, 29, 107
What are the prime factors of 831?
3, 277
What are the prime factors of 11526?
2, 3, 17, 113
What are the prime factors of 68814?
2, 3, 3823
What are the prime factors of 944?
2, 59
List the prime factors of 2136.
2, 3, 89
What are the prime factors of 2249?
13, 173
List the prime factors of 2954.
2, 7, 211
List the prime factors of 31957.
31957
What are the prime factors of 95?
5, 19
What are the prime factors of 118617?
3, 19, 2081
What are the prime factors of 1051?
1051
What are the prime factors of 3196?
2, 17, 47
What are the prime factors of 65633?
65633
List the prime factors of 14205.
3, 5, 947
What are the prime factors of 3512?
2, 439
List the prime factors of 532.
2, 7, 19
What are the prime factors of 5807?
5807
What are the prime factors of 65033?
65033
What are the prime factors of 104735?
5, 20947
List the prime factors of 9045.
3, 5, 67
What are the prime factors of 2194?
2, 1097
List the prime factors of 2944.
2, 23
What are the prime factors of 386?
2, 193
List the prime factors of 27048.
2, 3, 7, 23
List the prime factors of 112284.
2, 3, 3119
What are the prime factors of 462?
2, 3, 7, 11
What are the prime factors of 29524?
2, 11, 61
List the prime factors of 22612.
2, 5653
List the prime factors of 19850.
2, 5, 397
List the prime factors of 1603.
7, 229
What are the prime factors of 668?
2, 167
What are the prime factors of 24639?
3, 43, 191
List the prime factors of 909.
3, 101
What are the prime factors of 5530?
2, 5, 7, 79
List the prime factors of 63565.
5, 12713
What are the prime factors of 592?
2, 37
List the prime factors of 453.
3, 151
What are t